{"id":823,"date":"2022-09-14T10:55:55","date_gmt":"2022-09-14T10:55:55","guid":{"rendered":"http:\/\/proiectvivat.ro\/?page_id=823"},"modified":"2022-09-14T10:55:55","modified_gmt":"2022-09-14T10:55:55","slug":"indicatori","status":"publish","type":"page","link":"https:\/\/proiectvivat.ro\/index.php\/indicatori\/","title":{"rendered":"Indicatori"},"content":{"rendered":"\n<figure class=\"wp-block-table\"><table><tbody><tr><td><strong>Indicatori de realizare<\/strong><\/td><\/tr><tr><td>Cod<\/td><td><strong>Denumire indicator<\/strong><\/td><td><strong>Valoare<\/strong><\/td><\/tr><tr><td>4S225<\/td><td><strong>Tineri NEETs someri cu v\u00e2rsta cuprinsa \u00eentre 16 -29 ani care beneficiaza de sprijin<\/strong><\/td><td>378<\/td><\/tr><tr><td>4S225.1<\/td><td><strong>Tineri NEETs someri cu v\u00e2rsta cuprinsa \u00eentre 16 -29 ani care beneficiaza de sprijin<\/strong>, din care: roma<\/td><td>41<\/td><\/tr><tr><td>4S225.2<\/td><td><strong>Tineri NEETs someri cu v\u00e2rsta cuprinsa \u00eentre 16 -29 ani care beneficiaza de sprijin<\/strong>, din care: persoane din mediul rural<\/td><td>76<\/td><\/tr><\/tbody><\/table><\/figure>\n\n\n\n<figure class=\"wp-block-table\"><table><tbody><tr><td><strong>Indicatori de rezultat<\/strong><\/td><\/tr><tr><td>Cod<\/td><td><strong>Denumire indicator<\/strong><\/td><td><strong>Valoare<\/strong><\/td><\/tr><tr><td>CR01<\/td><td><strong>Participan\u021bii \u0219omeri care particip\u0103 la interven\u021bia sprijinit\u0103 de ILMT p\u00e2n\u0103 la finalizarea sa<\/strong><\/td><td>305<\/td><\/tr><tr><td>CR02<\/td><td><strong>Participan\u021bii \u0219omeri care primesc o ofert\u0103 de munc\u0103, de participare la un program de educa\u021bie continu\u0103, ucenicie sau de stagiu, la \u00eencetarea calit\u0103\u021bii de participant<\/strong><\/td><td>163<\/td><\/tr><tr><td>CR03<\/td><td><strong>Participan\u021bii \u0219omeri care urmeaz\u0103 un program de educa\u021bie\/formare, care sunt \u00een curs de a ob\u021bine o calificare sau care au un loc de munc\u0103, inclusiv ca independen\u021bi, la \u00eencetarea calit\u0103\u021bii de participant<\/strong><\/td><td>190<\/td><\/tr><tr><td>CR04<\/td><td><strong>Participan\u021bii \u0219omeri de lung\u0103 durat\u0103 care particip\u0103 la interven\u021bia sprijinit\u0103 de ILMT p\u00e2n\u0103 la finalizarea sa<\/strong><\/td><td>89<\/td><\/tr><tr><td>CR05<\/td><td><strong>Participan\u021bii \u0219omeri de lung\u0103 durat\u0103 care primesc o ofert\u0103 de munc\u0103, de participare la un program de educa\u021bie continu\u0103, ucenicie sau de stagiu la \u00eencetarea calit\u0103\u021bii de participant<\/strong><\/td><td>33<\/td><\/tr><tr><td>CR06<\/td><td><strong>Participan\u021bii \u0219omeri de lung\u0103 durat\u0103 care ob\u021bin o calificare, sau care au un loc de munc\u0103, inclusiv cele care desf\u0103\u0219oar\u0103 o activitate independent\u0103, la \u00eencetarea calit\u0103\u021bii de participant<\/strong><\/td><td>39<\/td><\/tr><tr><td>CR10<\/td><td><strong>Participan\u021bi care particip\u0103 la programe de educa\u021bie continu\u0103, de formare \u00een vederea ob\u021binerii unei diplome, de ucenicie sau de stagiu \u00een termen de \u0219ase luni de la \u00eencetarea calit\u0103\u021bii de participant<\/strong><\/td><td>58<\/td><\/tr><tr><td>CR11<\/td><td><strong>Persoanele care, \u00een termen de \u0219ase luni de la \u00eencetarea calit\u0103\u021bii de participant, ob\u021bin un loc de munc\u0103<\/strong><\/td><td>163<\/td><\/tr><tr><td>CR12<\/td><td><strong>Persoanele care \u00eencep o activitate independent\u0103 \u00een termen de \u0219ase luni de la \u00eencetarea calit\u0103\u021bii de participant<\/strong><\/td><td>10<\/td><\/tr><\/tbody><\/table><\/figure>\n","protected":false},"excerpt":{"rendered":"<p>Indicatori de realizare Cod Denumire indicator Valoare 4S225 Tineri NEETs someri cu v\u00e2rsta cuprinsa \u00eentre 16 -29 ani care beneficiaza de sprijin 378 4S225.1 Tineri NEETs someri cu v\u00e2rsta cuprinsa \u00eentre 16 -29 ani care beneficiaza de sprijin, din care: roma 41 4S225.2 Tineri NEETs someri cu v\u00e2rsta cuprinsa \u00eentre 16 -29 ani care beneficiaza de sprijin, din care: persoane&#8230;<\/p>\n","protected":false},"author":1,"featured_media":0,"parent":0,"menu_order":0,"comment_status":"closed","ping_status":"closed","template":"","meta":{"footnotes":""},"class_list":["post-823","page","type-page","status-publish","hentry"],"_links":{"self":[{"href":"https:\/\/proiectvivat.ro\/index.php\/wp-json\/wp\/v2\/pages\/823","targetHints":{"allow":["GET"]}}],"collection":[{"href":"https:\/\/proiectvivat.ro\/index.php\/wp-json\/wp\/v2\/pages"}],"about":[{"href":"https:\/\/proiectvivat.ro\/index.php\/wp-json\/wp\/v2\/types\/page"}],"author":[{"embeddable":true,"href":"https:\/\/proiectvivat.ro\/index.php\/wp-json\/wp\/v2\/users\/1"}],"replies":[{"embeddable":true,"href":"https:\/\/proiectvivat.ro\/index.php\/wp-json\/wp\/v2\/comments?post=823"}],"version-history":[{"count":1,"href":"https:\/\/proiectvivat.ro\/index.php\/wp-json\/wp\/v2\/pages\/823\/revisions"}],"predecessor-version":[{"id":824,"href":"https:\/\/proiectvivat.ro\/index.php\/wp-json\/wp\/v2\/pages\/823\/revisions\/824"}],"wp:attachment":[{"href":"https:\/\/proiectvivat.ro\/index.php\/wp-json\/wp\/v2\/media?parent=823"}],"curies":[{"name":"wp","href":"https:\/\/api.w.org\/{rel}","templated":true}]}}